rime factors of v.
61
List the prime factors of -830*(4/14)/((-4)/7).
5, 83
Let n(o) = -o**3 + 4*o**2 + o - 1. Let h be n(4). What are the prime factors of (-3)/(3*h/(-21))?
7
Let t = 123 - 121. Let w be 0 + 0 - 2 - -2. Suppose w = -9*b + t*b + 476. What are the prime factors of b?
2, 17
List the prime factors of (10 - 30/5)*(-263)/(-2).
2, 263
Let a = 40 - 25. List the prime factors of (a/(-10))/((-2)/116).
3, 29
Let p = 1 - -7. Suppose -5*s - 2*l + 95 = 9, 0 = -4*l - p. What are the prime factors of s?
2, 3
List the prime factors of (-3)/(-9) + (18256/(-6))/(-7).
3, 5, 29
Suppose 10*o - 15*o + 524 = k, 0 = -2*k + o + 1059. What are the prime factors of k?
23
List the prime factors of ((-570)/9 - 2)*810/(-63).
2, 3, 5, 7
Let f(a) = 78*a + 675. What are the prime factors of f(40)?
3, 5, 11, 23
Suppose 24 = -9*b + 12*b. Let g = b - -15. What are the prime factors of g?
23
Let g(s) = -3*s + 15. Let f(v) = 2*v - 16. Let m(d) = -4*f(d) - 3*g(d). What are the prime factors of m(-5)?
2, 7
Suppose -6 = -m + 4*w + 22, 0 = -3*w - 15. Suppose -m*b = -4*b, 4*b = -4*h + 272. What are the prime factors of h?
2, 17
Let q(s) = 5*s + 2. Let z(g) = -4*g - 10. Let f be z(-4). What are the prime factors of q(f)?
2
Let g(u) = -5*u**3 - 3*u**2 - 2*u - 3. Let i be 0*(-4)/4 + 0. Suppose -22 + 9 = 5*n - 3*x, i = -n + 5*x - 7. List the prime factors of g(n).
29
Suppose 158 = -i + 29. Let w = -82 - i. List the prime factors of w.
47
Let v(y) = -y**2 + 2*y**2 + 2*y + 2*y**2 - 2*y**2 + 7. What are the prime factors of v(-5)?
2, 11
Let j(l) = l**2 + 5*l - 7. Suppose -3*h = -51 + 21. Let m = h - 18. What are the prime factors of j(m)?
17
Suppose 81*o - 10089 = 78*o. List the prime factors of o.
3, 19, 59
Suppose 2*a + 16 + 4 = 0. Let l = a - -3. Let o(g) = g**2 + 5*g + 5. What are the prime factors of o(l)?
19
Let r(x) = 2 - 7*x**2 + 3*x**2 + 5*x - 7. Let s be r(2). Let y(i) = i**2 + 9*i - 8. What are the prime factors of y(s)?
2, 7
Let q(h) = h**3 - h**2 + 2*h + 1. Let x be q(2). Suppose -5*v - 158 = -3*y - x*v, -2*y + 112 = v. What are the prime factors of y?
2, 29
Let n be 1/(-4) - 3/(-12). Suppose n = -2*p + 7 + 5. Suppose -i = -2*i + p. List the prime factors of i.
2, 3
Suppose -1 - 19 = -5*s. Suppose 0 = 4*w - c - 642, -s*w + 632 = -0*w + 4*c. List the prime factors of w.
2, 5
Let c be (6/(-8) + 2)/(10/40). List the prime factors of 134/(-4)*(c + -7).
67
Let b = -1727 - -2995. List the prime factors of b.
2, 317
Let p = 562 - -151. What are the prime factors of p?
23, 31
Suppose -79*s = -75*s - 2936. What are the prime factors of s?
2, 367
Let p(x) = -879*x**3 + 4*x**2 + 2*x - 1. What are the prime factors of p(-1)?
2, 5, 11
Let q be (549 - -4) + 6/(-2). Suppose 746 = 8*s - q. List the prime factors of s.
2, 3
Let p(t) = t**3 + 11*t**2 - t - 13. Let k be p(-11). What are the prime factors of 10 + (-5 + 3)/k?
11
Let u = -225 + 462. Suppose -j = -110 - u. Suppose -17 = 5*q - j. List the prime factors of q.
2, 3, 11
Suppose 4*n + s = 3, -5*n - 4*s - 8 - 2 = 0. Suppose -7*d + 270 = -n*d. What are the prime factors of d?
2, 3
Let t(j) = j**3 - 4*j**2 + j + 3. Let i be t(3). List the prime factors of (6/3 + i)*-79.
79
Let s(a) = -23*a + 2. Let w(z) = -9*z + 9 - 14*z + 7 - 14. Let c(v) = -3*s(v) + 4*w(v). List the prime factors of c(-1).
5
Suppose -9*q + 4*q = 2*n - 481, n - 2*q - 236 = 0. What are the prime factors of n?
2, 7, 17
Let k = 177 - 67. List the prime factors of k.
2, 5, 11
Let y be (-10)/55 - 524/22. Let u be y/(-9)*(-21)/(-14). Suppose -u*c + 147 - 15 = 0. What are the prime factors of c?
3, 11
Let p = -3 - -6. Suppose 2*f + 3*v = 386, -2*f + 7*v = p*v - 358. What are the prime factors of f?
11, 17
Let n be 845/20*-2*2. Let x = 44 - n. What are the prime factors of x?
3, 71
Suppose -3*p = -6*p - 18. Let s be -7 - 4/(-8)*p. What are the prime factors of 4/s - 57/(-5)?
11
Let o(h) = h**3 + 15*h**2 + 11*h - 37. Let y be o(-14). Suppose -5*q = y*u - 105, 3*u - 4*q + 0*q = 42. List the prime factors of u.
2, 3
Let p = 0 - 3. Let y = 73 - 64. Let q = y + p. What are the prime factors of q?
2, 3
Let c = -1335 + 2424. List the prime factors of c.
3, 11
Suppose q = 3*q + p - 840, 3*q + 4*p - 1250 = 0. List the prime factors of q.
2, 211
Suppose 0 = -4*s + s - r + 505, 5*r = -3*s + 497. Suppose 2*o + 57 - s = 0. What are the prime factors of o?
2, 7
Let o(y) = -35*y - 11. Let b be o(15). Let h = 813 + b. List the prime factors of h.
277
Let z be 15/(-9)*-33 + -1. Let u = -79 + z. Let b = 65 + u. List the prime factors of b.
2, 5
Let y = -4671 - -6895. What are the prime factors of y?
2, 139
Let c(x) = -18*x**3 - 21*x**2 - 5*x + 4. List the prime factors of c(-6).
2, 1583
Suppose 2*b - 12 = 5*b, 4*s - 232 = 3*b. Let h = s + 6. Suppose -4*l = -3*t + h, l = -4*t - 4*l + 102. What are the prime factors of t?
23
Let p = 195 + 951. What are the prime factors of p?
2, 3, 191
Let t(d) = d**2 - 3*d - 5. Let x be t(-2). Let u be ((-5)/x)/((-3)/180). Suppose -u = -p - p. What are the prime factors of p?
2, 3, 5
Let l = 3561 + -2415. List the prime factors of l.
2, 3, 191
Let w(b) = -74*b - 3. Let t be w(-2). Let q = -68 + t. What are the prime factors of q?
7, 11
Let j(v) = v**3 - 7*v**2 + 7*v + 2. Let b be j(8). Let l = b - 102. List the prime factors of l.
2, 5
Let y(q) = 3*q + 4. Let d be y(-2). List the prime factors of (d - 160/(-26)) + 10/(-65).
2
What are the prime factors of 566 - -1 - (13 - (-9 + 25))?
2, 3, 5, 19
Let z(q) = -q**2 - 7*q - 3. Let d(i) = -i. Let a(c) = 4*d(c) - z(c). Let j be a(-2). What are the prime factors of 20 - j/((-1)/4)?
2, 3
List the prime factors of 1 + (-8 - -5) + 418.
2, 13
Suppose 0 = 2*x - 7 + 1. Let m = -14 + 17. Suppose -u + 18 = x*q, 2*q + 3*q + 68 = m*u. What are the prime factors of u?
3, 7
Suppose 0 = 4*c + j - 2970, 4*c - 3*j - 2660 = 302. What are the prime factors of c?
2, 7, 53
Let n(v) be the third derivative of -2*v**4/3 - 5*v**2. Let m be n(-2). Let d = -7 + m. List the prime factors of d.
5
Suppose -40*s + 4432 = -32*s. What are the prime factors of s?
2, 277
Let i = 69 - 67. Suppose -4*s = -3*p + 276, -i*p + 6*p - 4*s - 364 = 0. List the prime factors of p.
2, 11
Suppose -5 = -s, 2*d + d - 2*s = -7. Let t(c) = 36*c - 1. What are the prime factors of t(d)?
5, 7
Let c = 24 + 3. Let z = c - 6. List the prime factors of z.
3, 7
Let w(d) = 36*d**2 + 5*d - 11. What are the prime factors of w(2)?
11, 13
Let a = -30 - -30. Suppose a*c = 5*j - 2*c - 1081, -5*c - 207 = -j. List the prime factors of j.
7, 31
Let j(o) = 40*o**3 - o**2 - 6*o + 24. What are the prime factors of j(4)?
2, 3, 53
Let t = 404 + -248. Let k = t - 60. List the prime factors of k.
2, 3
Let a = 114 - 110. List the prime factors of (-30)/a*((-534)/15 + -2).
2, 3, 47
Suppose -6*t - 5964 = -20*t. List the prime factors of t.
2, 3, 71
Suppose 10*c = 5*c. Suppose -b - 3*b = c. Suppose 4*p - 23 - 13 = b. What are the prime factors of p?
3
Let f(r) = 3*r - 13. Let t be (3/(-4))/(1/(-12)). Let k be f(t). Suppose k = 2*x - 0. List the prime factors of x.
7
Let u = 37 + -21. Let y be 168/u*8/6. Let m = 22 - y. List the prime factors of m.
2
Suppose 223*q = 234*q - 35442. What are the prime factors of q?
2, 3, 179
Let g be 1/(-2)*(1 - 171). Suppose g = y + 35. What are the prime factors of y?
2, 5
Let c(z) = z**3 - 34*z**2 + 71*z + 24. List the prime factors of c(35).
2, 1867
Suppose 5*t - 6*t + 1128 = 4*k, -4*k = 4*t - 1116. List the prime factors of k.
283
Let b(a) be the second derivative of 13*a**3/3 - 3*a**2/2 + 5*a. List the prime factors of b(1).
23
Suppose -3*k = -4*k. Suppose -5*n + 400 = -k*n. Suppose -n = -q - 3*p, -5*p + 267 = 3*q + 43. List the prime factors of q.
2, 17
Suppose -6*l = -5*l - 1715. Suppose 0 = -3*q - 557 + l. Suppose 7*g = q - 85. What are the prime factors of g?
43
Let f(q) be the third derivative of -q**6/120 - q**5/15 + q**4/6 - q**3 + 7*q**2. Let a be f(-5). List the prime factors of (-1 - a/2)*-40.
2, 5
Let y = -57 - -179. Suppose 0 = -3*v - v - 20, -u + 2*v = -y. List the prime factors of u.
2, 7
Let x = 156 + 229. Suppose -159 = -2*k - 2*g - g, 5*k = 5*g + x. What are the prime factors of k?
2, 3, 13
Let a = -2074 + 3729. List the prime factors of a.
5, 331
Let s = 655 + -108. List the prime factors of s.
547
Let s(l) = -l**3 + 7*l**2 + l